s the highest common factor of m and w?
1
Suppose -5*v + 52 = 3*l, -1 = 2*v - 5*l + 3. Let k be -1 - (1 + -3) - (v + -9). What is the highest common factor of k and 2?
2
Let r be (-1 - 1/2)*(-500)/30. Suppose -r*l + 350 = -20*l. Calculate the greatest common divisor of 98 and l.
14
Let n(j) = -237*j - 2804. Let q be n(-12). What is the highest common divisor of 392 and q?
8
Let a(f) = f + 24. Let w be a(-24). Suppose w = -98*g + 100*g - 444. What is the highest common factor of 999 and g?
111
Suppose -4 = 5*s + 3*h - 150, 5*s + 5*h - 140 = 0. What is the greatest common divisor of s and 9393?
31
Let r(m) be the second derivative of 4*m**3/3 + 247*m**2/2 + 99*m. Let p be r(13). Calculate the greatest common factor of 13 and p.
13
Let l(b) = b**2 - 7. Let z be ((-24)/30)/((-4)/20). Let q be l(z). Suppose -r - 248 = -q*r. Calculate the highest common factor of 93 and r.
31
Suppose 5*n = -x + 948, -91*x - 2*n - 3968 = -95*x. Calculate the highest common divisor of x and 468.
52
Suppose -5*z + 2318 = -1222. Suppose 232*s - 244*s = -z. What is the greatest common factor of s and 59?
59
Suppose -5*m + 139*j = 144*j - 23680, 3*m + 4*j = 14213. Calculate the greatest common factor of m and 114.
57
Suppose 0 = t - 1, 2*z = 7*z - 5*t - 15. Suppose -5*y - 39 = z*j, 0*y = 4*y - 4. Let i be (j - -7)*22/(-8). What is the highest common factor of i and 11?
11
Let y be (20/6)/(2/18). Suppose 0 = 59*s - 790 - 730 - 250. What is the greatest common factor of y and s?
30
Suppose 176*m - 182*m + 3372 = 3*k, 3*k + m - 3402 = 0. What is the greatest common divisor of k and 176?
16
Suppose -l + 2 = -0. Let o(y) = -12*y - 28 + 2*y - 4 + 2*y. Let x be o(-5). What is the greatest common divisor of x and l?
2
Let k = 4074 + -2024. What is the highest common divisor of k and 50?
50
Suppose 0*j + 144 = 16*j. Let m be 6595/10 + (-10)/4. What is the highest common divisor of m and j?
9
Let n = -17969 - -18040. Calculate the highest common divisor of 10295 and n.
71
Suppose 6650 = 30*i - 5470. Let g = i - 379. What is the highest common divisor of 1075 and g?
25
Suppose 1124*f - 1122*f = -3*c + 6, 5*f - 4*c - 61 = 0. Let i = 28 - -5. Calculate the highest common divisor of i and f.
3
Let f(u) = 14*u + 17. Let p be f(-1). Let g be 46/p*42/28. Calculate the highest common factor of g and 23.
23
Let f(v) be the third derivative of -v**5/60 + 23*v**4/24 + 7*v**3/2 - 16*v**2 + 3*v. Let k be f(18). What is the greatest common divisor of k and 74?
37
Let f = 439 - 794. Let z = f + 797. What is the highest common divisor of 26 and z?
26
Let q(y) = 2*y**3 - 18*y**2 + 16*y + 8. Let p be q(8). Suppose 19*m - 935 = p*m. Suppose -2 = r - 7. What is the highest common factor of m and r?
5
Let d(v) be the first derivative of v**4/4 + v**3/3 - v**2/2 + 25*v - 452. Suppose 7*r = 3*r. Let o be d(r). What is the highest common factor of 5 and o?
5
Suppose 28*o - 14*o = 13580. Calculate the highest common factor of o and 150.
10
Suppose -3566 = -31*j + 26*j - 4*p, 2 = -2*p. Calculate the highest common divisor of 105 and j.
21
Suppose 0*k = 3*k - 2*m - 132, -5*k - 2*m + 204 = 0. Let t be 4 + 7/(k/(-18)). Calculate the greatest common factor of t and 2.
1
Let j(f) = f**3 - 83*f**2 - 73*f - 759. Let a be j(84). What is the greatest common factor of 10 and a?
5
Let l = -309 + 325. Suppose -15*k + l*k = 2. Let m be 5 - -2 - (0 - 1). Calculate the highest common divisor of k and m.
2
Let h = 558 + -170. Let u = 416 - h. Calculate the highest common factor of 7 and u.
7
Let h = -3772 + 3841. What is the highest common factor of h and 1081?
23
Suppose 126 + 282 = w. Let c(x) = -3055*x - 12184. Let l be c(-4). What is the highest common factor of l and w?
12
Suppose -7*r = 12*r - 33182 - 8656. What is the highest common divisor of 6 and r?
6
Suppose 11*b = -9 - 35. Let i be 9*(b/6 + 1)*3. Calculate the highest common divisor of i and 153.
9
Suppose 0 = 3*r + 4*y - 152, -r - 4*y + 64 = -0*r. Suppose -26 = -3*l + 1. Let f be (-3)/l*14*(-6)/7. What is the highest common factor of r and f?
4
Suppose -31*p - 42*p + 93*p = 16560. What is the greatest common factor of 84 and p?
12
Let n = 60 - 51. Let o(h) = 4*h - 9. Let u be o(n). Calculate the greatest common factor of u and 3.
3
Suppose -3*i + 4*p = -164, 2*p = -4*i + 334 - 86. Suppose 77 = 3*u + 5. What is the greatest common divisor of u and i?
12
Suppose -46*t = -51*t. Suppose 6*r - 31 - 29 = t. Let s(g) = g**3 - 9*g**2 - 7*g + 15. Let a be s(r). Calculate the greatest common divisor of a and 495.
45
Suppose 10*b - 3*b = 28. Suppose b*d = 2*d - 18. Let o(v) = v**3 + 8*v**2 - 9*v + 9. Let s be o(d). What is the greatest common divisor of s and 3?
3
Let z(n) = -2*n**3 + 20*n**2 + 23*n - 5. Let s be z(11). Suppose 0 = s*k + 16*k - 792. Calculate the highest common factor of k and 126.
18
Let p(l) = l**2 - 230*l - 4695. Let j be p(-19). Suppose 0 = 2*i - 423 + 27. What is the greatest common factor of j and i?
18
Let q = 6 - 4. Let z be (-30)/55 - (787/(-11) - 3). What is the greatest common factor of z and q?
2
Let y(f) = -45*f + 2075. Let k be y(43). What is the highest common divisor of 32 and k?
4
Let w(o) = -o + 2 + 25 + 8. Suppose 4*n = 4*s + 44, 0 = -5*n - 12*s + 13*s + 39. Let t be w(n). Calculate the greatest common factor of 70 and t.
14
Suppose -16*g + 26*g = -450. Let v be g/(-3 - (-12)/8). Suppose 0 = w + 2 - 8. Calculate the highest common divisor of w and v.
6
Suppose -11*s - 4*r = -12*s + 59, 4*s = 5*r + 214. Let z(x) = 4*x**2 - 18*x + 2. Let t be z(5). What is the highest common factor of s and t?
3
Suppose -2432 = -147*m + 128*m. Calculate the greatest common divisor of 52 and m.
4
Suppose -146*z + 31648 = -123*z. What is the highest common divisor of 2236 and z?
172
Suppose 4*c - 348 = 2*x, 30*c - 29*c + 4*x = 96. What is the greatest common factor of 33 and c?
11
Suppose 0 = b - 0*b - 4. Let d(k) = -k + 12. Let t be d(b). Suppose -60 = -3*o - 4*y, -o + 25 = -4*y - 11. What is the greatest common divisor of o and t?
8
Let d(s) = s**3 - 2*s**2 - 125*s + 55. Let z be d(16). Calculate the highest common divisor of z and 33.
11
Suppose 4*g - 840 + 824 = 0. Let r(i) = i**3 + 10*i**2 - 10*i + 8. Let k be r(-11). Let t be (-194)/(-3) + 2/k. What is the greatest common factor of g and t?
4
Let g = 1394 - -1470. Calculate the greatest common factor of 537 and g.
179
Let y = 3457 - 3397. Let j(f) = -5*f + 1. Let h be j(-1). Suppose o = h*o - 75. What is the highest common divisor of o and y?
15
Let m be ((-45)/5)/(-3) + (1 - 2). Suppose 6*y + 16 = -m*y. Let z be y/4 + (-810)/(-20). What is the highest common factor of z and 16?
8
Let r be ((-3232)/(-48))/(2/9) - 4. Let i = r + -197. What is the greatest common factor of 238 and i?
34
Suppose 317 = 10*i - 258 - 25. Let b(z) = 26*z - 3. Let m be b(3). Calculate the greatest common divisor of m and i.
15
Let l = -8380 - -23051. Calculate the greatest common factor of 17 and l.
17
Suppose -1048446 = 7368*o - 7410*o. What is the greatest common divisor of 159 and o?
159
Let g be -3 - (-468 - (2 + -2 + 8)). Calculate the highest common divisor of g and 129.
43
Let v = -23 - -27. Suppose 0 = -5*k + v*k + 2. Suppose 5*a - 5*g - 15 = 0, -4*a + k*g - g + 18 = 0. Calculate the highest common divisor of 20 and a.
5
Suppose -18 - 207 = -5*w. Let t be w/2 + 9/(-6). Suppose 5*f - 42 = 5*z + 3, 5*f - 41 = 3*z. What is the highest common divisor of f and t?
7
Suppose 0 = w + 14*n - 15*n - 1233, -3*w = 4*n - 3692. Calculate the greatest common factor of 792 and w.
88
Let u = -54 - -49. Let c(g) = -5*g - 9. Let o be c(u). Suppose -14*i = -15*i + o. What is the greatest common factor of i and 48?
16
Let g = -3068 - -3230. Calculate the greatest common divisor of 288 and g.
18
Let a = 20850 + -20839. Suppose -d + 1406 - 522 = 0. Let v be (-2)/5 + d/10. Calculate the greatest common factor of a and v.
11
Suppose -418*m + 20160 = -397*m. What is the greatest common factor of m and 216?
24
Suppose -7*o = -2*d - 2*o + 63, 2*d + 3*o = 71. Suppose b + 4 = d. Suppose u - 5 = -2*n + 13, 0 = 5*u + 10. Calculate the greatest common factor of n and b.
10
Suppose 2*q - 146 = -65*z + 63*z, 0 = -5*q - 2*z + 356. Let g = 45 + 11. Calculate the highest common divisor of g and q.
14
Let u be 4/(-5)*(-129 + -11). Suppose 2*g - v = 4